
11
Let c(y) = -5*y**2 + 56*y + 72. Let g be c(10). What is the greatest common divisor of 156 and g?
12
Suppose -39*i + 42*i - 16465 = -5*d, -4*d + 5*i + 13135 = 0. Calculate the greatest common factor of 182 and d.
14
Let k(a) = -74*a**2 + 677*a + 21. Let w be k(9). Calculate the greatest common divisor of w and 1720.
40
Suppose -9*b = -2*b - 42. Suppose a = 3*f - 835, -b*f = -f + a - 1405. What is the highest common factor of f and 105?
35
Suppose -g = 4*y - 22, 0 = -g + y - 25 + 27. Suppose 0*n - g*n = -192. Calculate the greatest common divisor of 256 and n.
32
Let s(m) = m**2 + 2884*m - 14417. Let q be s(5). Calculate the greatest common divisor of q and 3836.
28
Suppose 11*z - 500 = -3*m + 16*z, 5*m - 892 = z. Calculate the greatest common factor of 6885 and m.
45
Let q be ((-32)/112)/(1/(-112)). Suppose -l = 3*c - 484, c = 36*l - q*l + 144. Calculate the greatest common divisor of c and 5.
5
Let o be (12*1)/(-19 + 62335/3280). What is the highest common factor of 123 and o?
41
Let r = 135 - 135. Suppose -l - 5*l - 114 = r. Let j be (-3 - l) + 3/6*4. Calculate the highest common factor of j and 4.
2
Let w be (-8)/(-6) + -1*16608/(-18). Suppose 103*q - 109*q + w = 0. Calculate the highest common divisor of q and 66.
22
Let k(m) = m**2 + 14*m + 26. Let d be (-84)/18*(-3 + 6). Let s be k(d). Suppose -26*i + 24*i + s = 0. What is the greatest common divisor of 143 and i?
13
Suppose -4*w + 15 = 3*p + 1, 5*w = p + 27. Let o be (-5)/(100/(-12)) + 7/w. Suppose 0 = 4*x - 6 + o. Calculate the highest common divisor of 8 and x.
1
Suppose 21*m + m = 792. Let p(l) = -l**2 + 39*l + 12. Let u be p(m). Calculate the greatest common divisor of 150 and u.
30
Suppose 0 = 114*j + 64*j - 14462 - 38938. Calculate the highest common divisor of j and 345.
15
Suppose 33*o = 34*o + 4. Let i(t) = -24 - 30*t + 6 + 18*t. Let a be i(o). Calculate the highest common divisor of a and 10.
10
Let d be (5/((-25)/10) + 86)*24/84. Let x be (-1)/(-4) + (-46)/(-8). Suppose 14 = 5*l - x, -4*r + 4*l = -752. What is the greatest common divisor of d and r?
24
Let z(r) = -23*r - 55. Let i be z(-4). Suppose -i*w - 180 = -42*w. What is the highest common divisor of w and 36?
36
Let l(g) = -2*g - 13. Suppose 3*o + 36 = 3*t, -o + t + t = 16. Let p be l(o). Suppose 3*w - 48 = -w. Calculate the greatest common factor of w and p.
3
Suppose 4*d - s - 8 = 0, 5*d + 15 = -0*d - 5*s. Let c be d/(-4 - (-147)/35). What is the greatest common factor of c and 155?
5
Suppose 0 = -289*m + 284*m + 1245. Let d be ((-50)/(-3))/(166/m). What is the greatest common divisor of 200 and d?
25
Suppose -4*s = 20, k - 524*s = -519*s + 3998. Calculate the greatest common factor of 411 and k.
137
Let k(a) = 8*a**2 - 7*a - 2. Let w be k(-2). Let g = -36 + w. Suppose 38*b - 17*b = 672. What is the greatest common factor of g and b?
8
Suppose y + 5*p - 9*p = 256, 5*y = 5*p + 1280. What is the greatest common factor of y and 80?
16
Suppose 16 = 3*a + 4. Suppose -1280 = 6*n - 11*n - 4*b, a*n + 3*b - 1023 = 0. What is the greatest common factor of 12 and n?
12
Let j be ((-3)/(-3 + 378/56))/(1/(-4900)). What is the greatest common factor of j and 3185?
245
Let l = -3138 + 3283. Let b(j) = 10*j**2 + 11. Let f be b(-5). What is the highest common factor of f and l?
29
Let n be (2/(-4))/(6/6)*0. Suppose 6*v - 115 - 17 = n. Suppose -3*q - 2*g = -4, -3*g - 5 = -5*q + 8. Calculate the greatest common divisor of q and v.
2
Let p = 33 - 210. Let z = p - -189. Calculate the highest common factor of 588 and z.
12
Let u(i) = -35*i - 94. Let t be u(-18). Suppose -3*l - 4*w = -324, -4*w + 132 - t = -4*l. Calculate the greatest common divisor of 39 and l.
13
Suppose -10*x = 31*x + 2501. Let p be x/(-5) + 17/((-425)/(-20)). Calculate the greatest common factor of p and 4.
1
Suppose 0 = 3*u - 4*u + 30. Suppose -73*m + 84*m + 110 = 0. Let t be ((2 - 2) + m)/(22/(-44)). Calculate the highest common factor of t and u.
10
Let u be -54*(-10 + (-15)/10 + 11). Calculate the highest common divisor of 17118 and u.
27
Suppose -384 = 6*v - 618. Suppose -50*j = -v*j - 2178. Let h = -45 + 63. Calculate the highest common divisor of h and j.
18
Let x be -1 - 727*(0 - 1). Let i(s) = 191*s + 1785. Let v be i(-9). What is the greatest common factor of v and x?
66
Let a = 6699 + -6645. What is the highest common divisor of a and 13878?
54
Suppose 4*d = 3*b - 0*d + 186, -2*b - 122 = -2*d. Let n = 34 + b. Let z = n - -43. What is the greatest common divisor of z and 209?
19
Let x = 31 + -14. Let z = 207 - 408. Let d = z - -218. Calculate the greatest common factor of x and d.
17
Let o = -123 + 52. Let t = o - -103. Calculate the highest common divisor of t and 128.
32
Let u(l) = 37*l - 509. Let t be u(15). Let y be 1284/8 - 2/(-4). What is the greatest common factor of t and y?
23
Let t(c) = -c**3 - 44*c**2 + 24*c - 127. Let m be t(-45). Calculate the highest common divisor of 2 and m.
2
Let v(t) = t**3 - 16*t**2 - 18*t + 22. Let z be v(17). Suppose -3*o - 248 = -z*o. Let w = o + -74. Calculate the greatest common factor of w and 20.
10
Let c = 10119 - 10077. Calculate the greatest common divisor of 96 and c.
6
Suppose -6*x + 5 = -25. Suppose 0 = 4*d + x*i - 535, -3*d + i + 407 = -i. Calculate the greatest common divisor of 27 and d.
27
Let n(t) = 481*t**2 + 53*t + 462. Let f be n(-6). What is the greatest common factor of f and 270?
90
Suppose 13*c - 6 = -2*q + 9*c, -33 = 4*q - c. Let j be 0 - 0 - (-37 + 2 + q). Calculate the greatest common factor of j and 462.
42
Suppose -17*j + 277 = -9481. Calculate the greatest common factor of 154 and j.
14
Let i be 1/(6*(-3)/(-5184)). Suppose 0 = 3*g - i - 48. Calculate the highest common factor of g and 14.
14
Let c(p) = -2*p**2 - 12*p - 3. Let u be c(-2). Suppose r + u = z + 3*r, -z - r = -10. Calculate the greatest common factor of z and 28.
7
Suppose -5*k = -11*k + 6102. Let m = k + -725. Calculate the highest common divisor of 73 and m.
73
Suppose -k + 2*g = -14, -3*g + 14 = -k + 33. What is the greatest common factor of 22 and k?
2
Suppose -3*o + 105 = 96. Suppose -2013 = -64*k + o*k. Calculate the greatest common factor of k and 363.
33
Let c be (2 + (-6 - -2))/(119/(-4998)). Calculate the highest common divisor of c and 462.
42
Let g(y) = 25*y - 1541. Let q be g(62). Calculate the highest common factor of 6858 and q.
9
Let c = 2868 + -1168. Suppose 22*t - c = 5*t. Let n(m) = -14*m - 3. Let u be n(-2). Calculate the highest common factor of t and u.
25
Suppose 4*x + 4*v = 572, -x + 186 - 46 = 4*v. Let k(h) = 9*h - 11. Let m be k(2). Let s be 2 + 1 + m/(21/45). Calculate the greatest common factor of x and s.
18
Suppose 12*m + 7*m = -3192. Let j = m + 178. Calculate the greatest common factor of 20 and j.
10
Let t be (-10617)/(-6) + (-56)/(-112). What is the greatest common factor of t and 60?
30
Let s be -1*10*7*1/(-2). Let w = -39 + s. Let h be (4/(-12))/(w/(-462))*-2. What is the highest common factor of 7 and h?
7
Suppose 5*u - 6*u = -5. Suppose -7*x + 4 = -u*x. Suppose 4*i - 36 = -o, 2*o - x*i = o + 12. Calculate the greatest common factor of 8 and o.
4
Let t = 221 + -5. Let w(j) be the second derivative of -5*j**3/3 + 42*j**2 + 8*j + 2. Let r be w(6). Calculate the highest common divisor of t and r.
24
Let n be (-2 - -3) + 0 + 6/1. Let z(i) = -3*i + 52. Let q be z(n). What is the greatest common factor of q and 279?
31
Let b = 47 + -55. Let n = 24 - b. Suppose 448 = -16*g + 18*g. Calculate the greatest common factor of g and n.
32
Suppose 0 = 5*c - 4*f - 3478, -6*c - 4220 = -12*c - f. Calculate the highest common factor of 1248 and c.
78
Let s(n) = -4*n + 170. Let i(x) = x**2 + 3*x - 1. Let k be i(-8). Let j be s(k). What is the highest common divisor of j and 1736?
14
Let w be -5*9/(-180) + (-378)/(-24) + -3. Let h(z) = -21*z + 5. Let f be h(7). Let i = f + 246. Calculate the greatest common divisor of w and i.
13
Suppose -25 = -5*k, -3*o - k - 761 - 2207 = 0. Let d = -433 - o. Calculate the greatest common divisor of 18 and d.
18
Let a be (259/518)/(2/944) - 5. Let k be 2/(-2 + (-400)/(-198)). What is the greatest common factor of a and k?
33
Let g be (-1 - 15) + (-65 - -60). Let y(r) = r**3 + 21*r**2 - 7*r - 131. Let h be y(g). What is the greatest common factor of h and 304?
16
Let w(h) = 2